{"id":314,"date":"2019-10-31T15:44:33","date_gmt":"2019-10-31T18:44:33","guid":{"rendered":"http:\/\/lonera24.com.ar\/web\/?page_id=314"},"modified":"2019-10-31T15:44:33","modified_gmt":"2019-10-31T18:44:33","slug":"coberturas-de-lona","status":"publish","type":"page","link":"http:\/\/lonera24.com.ar\/web\/coberturas-de-lona\/","title":{"rendered":"Coberturas de Lona"},"content":{"rendered":"<p>[vc_row tm_bgimage_position=\u00bbcenter_top\u00bb tm_bgimagefixed=\u00bb\u00bb full_width=\u00bbstretch_row\u00bb css=\u00bb.vc_custom_1572547307857{margin-top: -22px !important;margin-bottom: 0px !important;padding-top: 55px !important;padding-bottom: 30px !important;background-position: 0 0 !important;background-repeat: no-repeat !important;}\u00bb][vc_column width=\u00bb1\/2&#8243;][vc_single_image image=\u00bb307&#8243; img_size=\u00bbfull\u00bb alignment=\u00bbcenter\u00bb][\/vc_column][vc_column width=\u00bb1\/2&#8243;]<div class=\"tm-element-heading-wrapper tm-heading-inner tm-element-align-left tm-seperator-solid tm-heading-style-vertical \"><section class=\"tm-vc_cta3-container\"><div class=\"tm-vc_general tm-vc_cta3 tm-cta3-only tm-vc_cta3-style-classic tm-vc_cta3-shape-rounded tm-vc_cta3-align-left tm-vc_cta3-color-transparent tm-vc_cta3-icon-size-md tm-vc_cta3-actions-no tm-cta3-with-desc\"><div class=\"tm-vc_cta3_content-container\"><div class=\"tm-vc_cta3-content\"><header class=\"tm-vc_cta3-content-header tm-wrap\"><div class=\"tm-vc_cta3-headers tm-wrap-cell\"><h4 class=\"tm-custom-heading \" >Conoc\u00e9 nuestras<\/h4>\n<h2 class=\"tm-custom-heading \" >Coberturas Perimetrales<\/h2>\n<\/div><div class=\"heading-seperator\"><span><\/span><\/div><\/header><div class=\"tm-cta3-content-wrapper\"><p>Cobertura perimetral para casas o terrenos. Confeccionadas \u00edntegramente para exterior, permite mantener la privacidad y resguardo del interior de los espacios. Pueden utilizarse materiales como lonas vin\u00edlicas y media sombra.<\/p><\/div><\/div><\/div><\/div><\/section><\/div> <!-- .tm-element-heading-wrapper container --> [\/vc_column][\/vc_row][vc_row tm_bgcolor=\u00bbwhite\u00bb tm_bgimage_position=\u00bbcenter_top\u00bb tm_bgimagefixed=\u00bb\u00bb full_width=\u00bbstretch_row\u00bb css=\u00bb.vc_custom_1572537669385{margin-top: 0px !important;margin-bottom: 0px !important;padding-top: 55px !important;padding-bottom: 30px !important;background-position: 0 0 !important;background-repeat: no-repeat !important;}\u00bb][vc_column width=\u00bb1\/2&#8243;]<div class=\"tm-element-heading-wrapper tm-heading-inner tm-element-align-left tm-seperator-solid tm-heading-style-vertical \"><section class=\"tm-vc_cta3-container\"><div class=\"tm-vc_general tm-vc_cta3 tm-cta3-only tm-vc_cta3-style-classic tm-vc_cta3-shape-rounded tm-vc_cta3-align-left tm-vc_cta3-color-transparent tm-vc_cta3-icon-size-md tm-vc_cta3-actions-no tm-cta3-with-desc\"><div class=\"tm-vc_cta3_content-container\"><div class=\"tm-vc_cta3-content\"><header class=\"tm-vc_cta3-content-header tm-wrap\"><div class=\"tm-vc_cta3-headers tm-wrap-cell\"><h4 class=\"tm-custom-heading \" >Conoc\u00e9 nuestras<\/h4>\n<h2 class=\"tm-custom-heading \" >Coberturas n\u00e1uticas<\/h2>\n<\/div><div class=\"heading-seperator\"><span><\/span><\/div><\/header><div class=\"tm-cta3-content-wrapper\"><p>Realizamos fundas para embarcaciones a medida en diversos materiales. Telas para guarder\u00edas, para intemperie y para transporte.<\/p>\n<p><strong>Lona cl\u00e1sica:<\/strong><br \/>\nIdeal para utilizar en guarder\u00eda, cuida de tierra, polvo, humedad y derrames de fluidos. No es 100% impermeable ya que permite respirar y evaporar la humedad. Tela Polyester, muy suave y liviana, de f\u00e1cil y r\u00e1pida colocaci\u00f3n. No es pl\u00e1stica, no da\u00f1a ni raya. Con cabo elastizado ajustable alrededor y un cabo en el medio para ajustar en proa y popa. No apta para traslado.<\/p>\n<p><strong>Lona cobertura vin\u00edlica:<\/strong><br \/>\nApta para traslado, con presillas y cabo para atar al tr\u00e1iler incluido. Tela pl\u00e1stica, impermeable, confeccionada con tejido de poli\u00e9ster tipo Panam\u00e1 con recubrimiento de PVC en ambas caras. Con protecci\u00f3n UV. Tela m\u00e1s pesada y voluminosa que la Cl\u00e1sica. Con cabo elastizado ajustable alrededor y un cabo en el medio para ajustar en proa y popa.<\/p><\/div><\/div><\/div><\/div><\/section><\/div> <!-- .tm-element-heading-wrapper container --> [\/vc_column][vc_column width=\u00bb1\/2&#8243;][vc_single_image image=\u00bb310&#8243; img_size=\u00bbfull\u00bb alignment=\u00bbcenter\u00bb][\/vc_column][\/vc_row][vc_row tm_bgimage_position=\u00bbcenter_top\u00bb tm_bgimagefixed=\u00bb\u00bb full_width=\u00bbstretch_row\u00bb css=\u00bb.vc_custom_1572537698784{margin-top: 0px !important;margin-bottom: 0px !important;padding-top: 55px !important;padding-bottom: 30px !important;background-position: 0 0 !important;background-repeat: no-repeat !important;}\u00bb][vc_column width=\u00bb1\/2&#8243;][vc_single_image image=\u00bb312&#8243; img_size=\u00bbfull\u00bb alignment=\u00bbcenter\u00bb][\/vc_column][vc_column width=\u00bb1\/2&#8243;]<div class=\"tm-element-heading-wrapper tm-heading-inner tm-element-align-left tm-seperator-solid tm-heading-style-vertical \"><section class=\"tm-vc_cta3-container\"><div class=\"tm-vc_general tm-vc_cta3 tm-cta3-only tm-vc_cta3-style-classic tm-vc_cta3-shape-rounded tm-vc_cta3-align-left tm-vc_cta3-color-transparent tm-vc_cta3-icon-size-md tm-vc_cta3-actions-no tm-cta3-with-desc\"><div class=\"tm-vc_cta3_content-container\"><div class=\"tm-vc_cta3-content\"><header class=\"tm-vc_cta3-content-header tm-wrap\"><div class=\"tm-vc_cta3-headers tm-wrap-cell\"><h4 class=\"tm-custom-heading \" >Conoc\u00e9 nuestras<\/h4>\n<h2 class=\"tm-custom-heading \" >Lonas para camiones y pick-ups<\/h2>\n<\/div><div class=\"heading-seperator\"><span><\/span><\/div><\/header><div class=\"tm-cta3-content-wrapper\"><p>Confeccionamos lonas protectoras para la carga de todo tipo de transportes. Lonas para camiones, acoplados, semirremolques y pickups.<br \/>\nLa mejor calidad en lonas para cargas generales, de media y larga distancia. La m\u00e1s alta calidad en materia prima, tejido de poli\u00e9ster de alta tenacidad.<br \/>\nDobladillos realizados con soldaduras y refuerzos. Ojales met\u00e1licos reforzados con cita de alta tenacidad.<\/p><\/div><\/div><\/div><\/div><\/section><\/div> <!-- .tm-element-heading-wrapper container --> [\/vc_column][\/vc_row]<\/p>\n","protected":false},"excerpt":{"rendered":"<p>[vc_row tm_bgimage_position=\u00bbcenter_top\u00bb tm_bgimagefixed=\u00bb\u00bb full_width=\u00bbstretch_row\u00bb css=\u00bb.vc_custom_1572547307857{margin-top: -22px !important;margin-bottom: 0px !important;padding-top: 55px !important;padding-bottom: 30px !important;background-position: 0 0 !important;background-repeat: no-repeat !important;}\u00bb][vc_column width=\u00bb1\/2&#8243;][vc_single_image image=\u00bb307&#8243; img_size=\u00bbfull\u00bb alignment=\u00bbcenter\u00bb][\/vc_column][vc_column width=\u00bb1\/2&#8243;][\/vc_column][\/vc_row][vc_row tm_bgcolor=\u00bbwhite\u00bb tm_bgimage_position=\u00bbcenter_top\u00bb tm_bgimagefixed=\u00bb\u00bb full_width=\u00bbstretch_row\u00bb css=\u00bb.vc_custom_1572537669385{margin-top: 0px !important;margin-bottom: 0px !important;padding-top: 55px !important;padding-bottom: 30px !important;background-position: 0 0 !important;background-repeat: no-repeat !important;}\u00bb][vc_column width=\u00bb1\/2&#8243;][\/vc_column][vc_column width=\u00bb1\/2&#8243;][vc_single_image image=\u00bb310&#8243; img_size=\u00bbfull\u00bb alignment=\u00bbcenter\u00bb][\/vc_column][\/vc_row][vc_row tm_bgimage_position=\u00bbcenter_top\u00bb tm_bgimagefixed=\u00bb\u00bb full_width=\u00bbstretch_row\u00bb css=\u00bb.vc_custom_1572537698784{margin-top: 0px !important;margin-bottom: 0px !important;padding-top: 55px &hellip; <a href=\"http:\/\/lonera24.com.ar\/web\/coberturas-de-lona\/\" class=\"more-link\">Continue reading <span class=\"screen-reader-text\">Coberturas de Lona<\/span><\/a><\/p>\n","protected":false},"author":2,"featured_media":0,"parent":0,"menu_order":0,"comment_status":"closed","ping_status":"closed","template":"","meta":{"footnotes":""},"class_list":["post-314","page","type-page","status-publish","hentry"],"_links":{"self":[{"href":"http:\/\/lonera24.com.ar\/web\/wp-json\/wp\/v2\/pages\/314","targetHints":{"allow":["GET"]}}],"collection":[{"href":"http:\/\/lonera24.com.ar\/web\/wp-json\/wp\/v2\/pages"}],"about":[{"href":"http:\/\/lonera24.com.ar\/web\/wp-json\/wp\/v2\/types\/page"}],"author":[{"embeddable":true,"href":"http:\/\/lonera24.com.ar\/web\/wp-json\/wp\/v2\/users\/2"}],"replies":[{"embeddable":true,"href":"http:\/\/lonera24.com.ar\/web\/wp-json\/wp\/v2\/comments?post=314"}],"version-history":[{"count":1,"href":"http:\/\/lonera24.com.ar\/web\/wp-json\/wp\/v2\/pages\/314\/revisions"}],"predecessor-version":[{"id":315,"href":"http:\/\/lonera24.com.ar\/web\/wp-json\/wp\/v2\/pages\/314\/revisions\/315"}],"wp:attachment":[{"href":"http:\/\/lonera24.com.ar\/web\/wp-json\/wp\/v2\/media?parent=314"}],"curies":[{"name":"wp","href":"https:\/\/api.w.org\/{rel}","templated":true}]}}